{"id":4900,"date":"2016-06-22T17:47:34","date_gmt":"2016-06-22T17:47:34","guid":{"rendered":"http:\/\/somainfo.org\/?page_id=4900"},"modified":"2016-07-19T18:26:39","modified_gmt":"2016-07-19T18:26:39","slug":"finalist-nerieda-garcia","status":"publish","type":"page","link":"https:\/\/soma-info.org\/?page_id=4900","title":{"rendered":"Finalist : Nereida Garc\u00eda"},"content":{"rendered":"<p style=\"text-align: center;\"><span style=\"color: #c13e75;\">Soprano<\/span><\/p>\n<h4 style=\"text-align: center;\">Recipient of the Monica &amp; Roger McNeill Award<\/h4>\n<p style=\"text-align: justify;\"><a href=\"https:\/\/soma-info.org\/wp-content\/uploads\/2016\/06\/NereidaGarcia-Headshot.jpg\"><img loading=\"lazy\" decoding=\"async\" class=\"alignleft  wp-image-4901\" title=\"Nereida Garc\u00eda\" src=\"https:\/\/soma-info.org\/wp-content\/uploads\/2016\/06\/NereidaGarcia-Headshot-506x1024.jpg\" alt=\"\" width=\"228\" height=\"461\" srcset=\"https:\/\/soma-info.org\/wp-content\/uploads\/2016\/06\/NereidaGarcia-Headshot-506x1024.jpg 506w, https:\/\/soma-info.org\/wp-content\/uploads\/2016\/06\/NereidaGarcia-Headshot-148x300.jpg 148w, https:\/\/soma-info.org\/wp-content\/uploads\/2016\/06\/NereidaGarcia-Headshot.jpg 888w\" sizes=\"auto, (max-width: 228px) 100vw, 228px\" \/><\/a><span style=\"color: #c13e75;\">Nereida Garc\u00eda,\u00a0originally from Edinburg, Texas, is a recent graduate of the University of North Texas with a degree in Voice Performance. While at UNT, Miss Garc\u00eda was a private voice student of Professor David Hall Sundquist, and coached with Dr. Stephen Dubberly, Dr. David Cloutier, Dr. Elvia Puccinelli, and Professor Harold Heiberg. As a member of the UNT Opera Theatre, Miss Garc\u00eda performed the roles of Contessa Almaviva in Le Nozze di Figaro, the title role in Cendrillon, and Lauretta in Gianni Schicchi. She also covered the role of Cio Cio San in\u00a0Madama Butterfly, performed in various Opera scenes at UNT, and in 2007 was a finalist for the UNT Concerto Competition. In addition to\u00a0her operatic involvement, she was a member of the UNT A Cappella Choir, under the direction of Dr. Jerry McCoy, a private voice instructor for the UNT Community Music School, as well as, other local schools in the North Texas region, performed in several concerts benefiting the Latino Students of North Texas, and in other various locally held concerts. In the Spring of 2007, Miss Garc\u00eda placed as a Finalist in The Dallas Opera Guild Vocal Competition and prior to this honor was a Semi-Finalist as of 2005. In the summer of 2007, Miss Garc\u00eda sang in an opera concert tour to San Antonio, and Laredo, Texas, and Nuevo Laredo, Mexico. After completing her studies at UNT, Miss Garc\u00eda returned to UNT to join in for a studio concert recital titled, \u2018Opera Potpourri,\u2019 and sang Mim\u00ec in a scene from La boh\u00e8me. As a young professional in opera, Miss Garc\u00eda understudied the role of Donna Elvira in Don Giovanni for The Living Opera during its inaugural season, later sang the role of Lauretta in Gianni Schicchi, and was recently hired to sing Mim\u00ec in an educational tour of La boh\u00e8me.<\/span><\/p>\n<p style=\"text-align: justify;\"><span style=\"color: #c13e75;\"><a href=\"https:\/\/soma-info.org\/wp-content\/uploads\/2016\/06\/th-21.jpg\"><img loading=\"lazy\" decoding=\"async\" class=\"aligncenter size-full wp-image-4902\" title=\"Yellow Rose of Texas\" src=\"https:\/\/soma-info.org\/wp-content\/uploads\/2016\/06\/th-21.jpg\" alt=\"\" width=\"179\" height=\"119\" srcset=\"https:\/\/soma-info.org\/wp-content\/uploads\/2016\/06\/th-21.jpg 179w, https:\/\/soma-info.org\/wp-content\/uploads\/2016\/06\/th-21-120x80.jpg 120w\" sizes=\"auto, (max-width: 179px) 100vw, 179px\" \/><\/a><\/span><\/p>\n<div id=\"attachment_4903\" style=\"width: 387px\" class=\"wp-caption aligncenter\"><a href=\"https:\/\/soma-info.org\/wp-content\/uploads\/2016\/06\/Nery-2.jpg\"><img loading=\"lazy\" decoding=\"async\" aria-describedby=\"caption-attachment-4903\" class=\" wp-image-4903\" title=\"Nereida Garcia\" src=\"https:\/\/soma-info.org\/wp-content\/uploads\/2016\/06\/Nery-2-804x1024.jpg\" alt=\"\" width=\"377\" height=\"480\" srcset=\"https:\/\/soma-info.org\/wp-content\/uploads\/2016\/06\/Nery-2-804x1024.jpg 804w, https:\/\/soma-info.org\/wp-content\/uploads\/2016\/06\/Nery-2-235x300.jpg 235w\" sizes=\"auto, (max-width: 377px) 100vw, 377px\" \/><\/a><p id=\"caption-attachment-4903\" class=\"wp-caption-text\"><em>Photos by Gwen Juarez<\/em><\/p><\/div>\n<p style=\"text-align: center;\"><span style=\"color: #000080;\"><iframe loading=\"lazy\" src=\"https:\/\/www.youtube.com\/embed\/uM22_FnPHCI\" frameborder=\"0\" width=\"560\" height=\"315\"><\/iframe><\/span><\/p>\n<p style=\"text-align: center;\">\u00a0Mi chiamano Mim\u00ed<\/p>\n<p style=\"text-align: center;\">from Puccini&#8217;s La BOH\u00c9ME.<\/p>\n<p style=\"text-align: center;\">Nereida\u00a0was accompanied by Maestra Janice Fehlauer.<\/p>\n<p style=\"text-align: center;\">HD Video provided by Robert Land Productions.<\/p>\n<p style=\"text-align: center;\"><span style=\"color: #000080;\"><iframe loading=\"lazy\" src=\"https:\/\/www.youtube.com\/embed\/KhYvzEOZBaM\" frameborder=\"0\" width=\"560\" height=\"315\"><\/iframe><\/span><\/p>\n<p style=\"text-align: center;\">Dove son i bei momenti<\/p>\n<p style=\"text-align: center;\">from Mozart&#8217;s Le NOZZE di FIGARO.<\/p>\n<p style=\"text-align: center;\">\u00a0\u00a0Nereida was accompanied by Maestra Janice Fehlauer.<\/p>\n<p style=\"text-align: center;\">HD Video provided by Robert Land Productions.<\/p>\n<div id=\"attachment_5033\" style=\"width: 458px\" class=\"wp-caption aligncenter\"><a href=\"https:\/\/soma-info.org\/wp-content\/uploads\/2016\/06\/Nery-Monica.jpg\"><img loading=\"lazy\" decoding=\"async\" aria-describedby=\"caption-attachment-5033\" class=\" wp-image-5033\" title=\"Nereida Garcia &amp; Monica McNeill\" src=\"https:\/\/soma-info.org\/wp-content\/uploads\/2016\/06\/Nery-Monica-1024x804.jpg\" alt=\"\" width=\"448\" height=\"351\" srcset=\"https:\/\/soma-info.org\/wp-content\/uploads\/2016\/06\/Nery-Monica-1024x804.jpg 1024w, https:\/\/soma-info.org\/wp-content\/uploads\/2016\/06\/Nery-Monica-300x235.jpg 300w\" sizes=\"auto, (max-width: 448px) 100vw, 448px\" \/><\/a><p id=\"caption-attachment-5033\" class=\"wp-caption-text\"><em>Nereida Garc\u00eda &amp; Monica McNeill<\/em><\/p><\/div>\n<h4 style=\"text-align: center;\"><a title=\"Finalist : Blas Canedo\" href=\"https:\/\/soma-info.org\/?page_id=4917\"><span style=\"color: #754a8c;\">Finalist : Blas Canedo<\/span><\/a><\/h4>\n<p>&nbsp;<\/p>\n","protected":false},"excerpt":{"rendered":"<p>Soprano Recipient of the Monica &amp; Roger McNeill Award Nereida Garc\u00eda,\u00a0originally from Edinburg, Texas, is a recent graduate of the University of North Texas with a degree in Voice Performance. While at UNT, Miss Garc\u00eda was a private voice student of Professor David Hall Sundquist, and coached with Dr. Stephen Dubberly, Dr. David Cloutier, Dr. [&hellip;]<\/p>\n","protected":false},"author":1,"featured_media":0,"parent":4839,"menu_order":5,"comment_status":"closed","ping_status":"closed","template":"","meta":{"footnotes":""},"class_list":["post-4900","page","type-page","status-publish","hentry"],"_links":{"self":[{"href":"https:\/\/soma-info.org\/index.php?rest_route=\/wp\/v2\/pages\/4900","targetHints":{"allow":["GET"]}}],"collection":[{"href":"https:\/\/soma-info.org\/index.php?rest_route=\/wp\/v2\/pages"}],"about":[{"href":"https:\/\/soma-info.org\/index.php?rest_route=\/wp\/v2\/types\/page"}],"author":[{"embeddable":true,"href":"https:\/\/soma-info.org\/index.php?rest_route=\/wp\/v2\/users\/1"}],"replies":[{"embeddable":true,"href":"https:\/\/soma-info.org\/index.php?rest_route=%2Fwp%2Fv2%2Fcomments&post=4900"}],"version-history":[{"count":14,"href":"https:\/\/soma-info.org\/index.php?rest_route=\/wp\/v2\/pages\/4900\/revisions"}],"predecessor-version":[{"id":5098,"href":"https:\/\/soma-info.org\/index.php?rest_route=\/wp\/v2\/pages\/4900\/revisions\/5098"}],"up":[{"embeddable":true,"href":"https:\/\/soma-info.org\/index.php?rest_route=\/wp\/v2\/pages\/4839"}],"wp:attachment":[{"href":"https:\/\/soma-info.org\/index.php?rest_route=%2Fwp%2Fv2%2Fmedia&parent=4900"}],"curies":[{"name":"wp","href":"https:\/\/api.w.org\/{rel}","templated":true}]}}

Finalist : Nereida García

<p style="text-align: center;"><span style="color: #c13e75;">Soprano</span></p>
<h4 style="text-align: center;">Recipient of the Monica &amp; Roger McNeill Award</h4>
<p style="text-align: justify;"><a href="https://soma-info.org/wp-content/uploads/2016/06/NereidaGarcia-Headshot.jpg"><img loading="lazy" decoding="async" class="alignleft  wp-image-4901" title="Nereida García" src="https://soma-info.org/wp-content/uploads/2016/06/NereidaGarcia-Headshot-506x1024.jpg" alt="" width="228" height="461" srcset="https://soma-info.org/wp-content/uploads/2016/06/NereidaGarcia-Headshot-506x1024.jpg 506w, https://soma-info.org/wp-content/uploads/2016/06/NereidaGarcia-Headshot-148x300.jpg 148w, https://soma-info.org/wp-content/uploads/2016/06/NereidaGarcia-Headshot.jpg 888w" sizes="auto, (max-width: 228px) 100vw, 228px" /></a><span style="color: #c13e75;">Nereida García, originally from Edinburg, Texas, is a recent graduate of the University of North Texas with a degree in Voice Performance. While at UNT, Miss García was a private voice student of Professor David Hall Sundquist, and coached with Dr. Stephen Dubberly, Dr. David Cloutier, Dr. Elvia Puccinelli, and Professor Harold Heiberg. As a member of the UNT Opera Theatre, Miss García performed the roles of Contessa Almaviva in Le Nozze di Figaro, the title role in Cendrillon, and Lauretta in Gianni Schicchi. She also covered the role of Cio Cio San in Madama Butterfly, performed in various Opera scenes at UNT, and in 2007 was a finalist for the UNT Concerto Competition. In addition to her operatic involvement, she was a member of the UNT A Cappella Choir, under the direction of Dr. Jerry McCoy, a private voice instructor for the UNT Community Music School, as well as, other local schools in the North Texas region, performed in several concerts benefiting the Latino Students of North Texas, and in other various locally held concerts. In the Spring of 2007, Miss García placed as a Finalist in The Dallas Opera Guild Vocal Competition and prior to this honor was a Semi-Finalist as of 2005. In the summer of 2007, Miss García sang in an opera concert tour to San Antonio, and Laredo, Texas, and Nuevo Laredo, Mexico. After completing her studies at UNT, Miss García returned to UNT to join in for a studio concert recital titled, ‘Opera Potpourri,’ and sang Mimì in a scene from La bohème. As a young professional in opera, Miss García understudied the role of Donna Elvira in Don Giovanni for The Living Opera during its inaugural season, later sang the role of Lauretta in Gianni Schicchi, and was recently hired to sing Mimì in an educational tour of La bohème.</span></p>
<p style="text-align: justify;"><span style="color: #c13e75;"><a href="https://soma-info.org/wp-content/uploads/2016/06/th-21.jpg"><img loading="lazy" decoding="async" class="aligncenter size-full wp-image-4902" title="Yellow Rose of Texas" src="https://soma-info.org/wp-content/uploads/2016/06/th-21.jpg" alt="" width="179" height="119" srcset="https://soma-info.org/wp-content/uploads/2016/06/th-21.jpg 179w, https://soma-info.org/wp-content/uploads/2016/06/th-21-120x80.jpg 120w" sizes="auto, (max-width: 179px) 100vw, 179px" /></a></span></p>
<div id="attachment_4903" style="width: 387px" class="wp-caption aligncenter"><a href="https://soma-info.org/wp-content/uploads/2016/06/Nery-2.jpg"><img loading="lazy" decoding="async" aria-describedby="caption-attachment-4903" class=" wp-image-4903" title="Nereida Garcia" src="https://soma-info.org/wp-content/uploads/2016/06/Nery-2-804x1024.jpg" alt="" width="377" height="480" srcset="https://soma-info.org/wp-content/uploads/2016/06/Nery-2-804x1024.jpg 804w, https://soma-info.org/wp-content/uploads/2016/06/Nery-2-235x300.jpg 235w" sizes="auto, (max-width: 377px) 100vw, 377px" /></a><p id="caption-attachment-4903" class="wp-caption-text"><em>Photos by Gwen Juarez</em></p></div>
<p style="text-align: center;"><span style="color: #000080;"><iframe loading="lazy" src="https://www.youtube.com/embed/uM22_FnPHCI" frameborder="0" width="560" height="315"></iframe></span></p>
<p style="text-align: center;"> Mi chiamano Mimí</p>
<p style="text-align: center;">from Puccini&#8217;s La BOHÉME.</p>
<p style="text-align: center;">Nereida was accompanied by Maestra Janice Fehlauer.</p>
<p style="text-align: center;">HD Video provided by Robert Land Productions.</p>
<p style="text-align: center;"><span style="color: #000080;"><iframe loading="lazy" src="https://www.youtube.com/embed/KhYvzEOZBaM" frameborder="0" width="560" height="315"></iframe></span></p>
<p style="text-align: center;">Dove son i bei momenti</p>
<p style="text-align: center;">from Mozart&#8217;s Le NOZZE di FIGARO.</p>
<p style="text-align: center;">  Nereida was accompanied by Maestra Janice Fehlauer.</p>
<p style="text-align: center;">HD Video provided by Robert Land Productions.</p>
<div id="attachment_5033" style="width: 458px" class="wp-caption aligncenter"><a href="https://soma-info.org/wp-content/uploads/2016/06/Nery-Monica.jpg"><img loading="lazy" decoding="async" aria-describedby="caption-attachment-5033" class=" wp-image-5033" title="Nereida Garcia &amp; Monica McNeill" src="https://soma-info.org/wp-content/uploads/2016/06/Nery-Monica-1024x804.jpg" alt="" width="448" height="351" srcset="https://soma-info.org/wp-content/uploads/2016/06/Nery-Monica-1024x804.jpg 1024w, https://soma-info.org/wp-content/uploads/2016/06/Nery-Monica-300x235.jpg 300w" sizes="auto, (max-width: 448px) 100vw, 448px" /></a><p id="caption-attachment-5033" class="wp-caption-text"><em>Nereida García &amp; Monica McNeill</em></p></div>
<h4 style="text-align: center;"><a title="Finalist : Blas Canedo" href="https://soma-info.org/?page_id=4917"><span style="color: #754a8c;">Finalist : Blas Canedo</span></a></h4>
<p>&nbsp;</p>

<p>Soprano Recipient of the Monica &amp; Roger McNeill Award Nereida García, originally from Edinburg, Texas, is a recent graduate of the University of North Texas with a degree in Voice Performance. While at UNT, Miss García was a private voice student of Professor David Hall Sundquist, and coached with Dr. Stephen Dubberly, Dr. David Cloutier, Dr. [&hellip;]</p>
