{"id":487,"date":"2012-09-20T18:48:07","date_gmt":"2012-09-20T18:48:07","guid":{"rendered":"http:\/\/somainfo.org\/?page_id=487"},"modified":"2017-03-17T21:47:51","modified_gmt":"2017-03-17T21:47:51","slug":"first-place-jaqueline-noparstak","status":"publish","type":"page","link":"https:\/\/soma-info.org\/?page_id=487","title":{"rendered":"2008 First Place : Jacqueline Noparstak"},"content":{"rendered":"<h4 style=\"text-align: center;\"><span style=\"color: #000080;\">Soprano<\/span><\/h4>\n<h4 style=\"text-align: center;\"><span style=\"color: #000000;\">Recipient of the 2008 First Place Award<\/span><\/h4>\n<p>&nbsp;<\/p>\n<div id=\"attachment_968\" style=\"width: 211px\" class=\"wp-caption alignleft\"><a href=\"https:\/\/soma-info.org\/wp-content\/uploads\/2012\/09\/2008-Noparstak-Head.jpg\"><img loading=\"lazy\" decoding=\"async\" aria-describedby=\"caption-attachment-968\" class=\"size-full wp-image-968\" title=\"2008 Noparstak Head\" src=\"https:\/\/soma-info.org\/wp-content\/uploads\/2012\/09\/2008-Noparstak-Head.jpg\" alt=\"\" width=\"201\" height=\"300\" \/><\/a><p id=\"caption-attachment-968\" class=\"wp-caption-text\"><strong>Jacqueline Noparstak<\/strong><\/p><\/div>\n<p style=\"text-align: justify;\"><span style=\"color: #000080;\">Jacqueline Noparstak, soprano<em>,<\/em> has received international acclaim for her warm, flexible voice, floating high notes and superb phrasing. \u00a0She most recently sang the role of <em>Contessa<\/em> <em>Almaviva<\/em> in LE NOZZE DI FIGARO with Opera in the Heights, in Houston. Other roles include, <em>Pamina<\/em> and <em>First Lady<\/em>, in DIE ZAUBERFL\u00f6TE, <em>Arminda<\/em> in LA FINTA GIARDINIERA, <em>Magda<\/em> in LA RONDINE, the title roles in Floyd&#8217;s SUSANNAH and in Richard Strauss\u2019s ARABELLA, <em>H\u00e9ro<\/em> in B\u00e9ATICE ET B\u00e9N\u00e9DICT and <em>Mica\u00ebla<\/em> in CARMEN. \u00a0<\/span><\/p>\n<p style=\"text-align: justify;\"><span style=\"color: #000080;\">In past seasons, Ms. Noparstak has performed with Union Avenue Opera, Natchez Music Festival, Pine Mountain Music Festival, Bronx Opera, Brooklyn Opera, Opera Theatre of the Rockies, and Little Opera Theatre of New York. Equally at home on the concert stage, she has appeared as a recitalist throughout the United States.<\/span><\/p>\n<p style=\"text-align: justify;\"><span style=\"color: #000080;\">Ms. Noparstak is garnering major recognition in some important competitions, including being selected as Winner in the 2007 Liederkranz Foundation Competition and given the Grand Prize in the AIMS 25th annual Meistersinger Competition in Graz, Austria. \u00a0She has been a finalist in several competitions and First Prize in the Marcella Sembrich Voice Competition, hosted by the Kosciuszko Foundation in New York City. \u00a0Ms. Noparstak was also a winner in the 2008 Licia Albanese Puccini Competition in New York City, and won Third Prize in the Long Leaf Opera Competition in North Carolina.<\/span><\/p>\n<p style=\"text-align: justify;\"><span style=\"color: #000080;\">Ms. Noparstak holds a Bachelor of Arts degree in music from Columbia University. A native of Eugene, Oregon, she now resides in New York City.<\/span><\/p>\n<p align=\"center\"><span style=\"color: #000000;\"><strong><a href=\"http:\/\/www.jacquelinenoparstak.com\/\"><span style=\"color: #000000;\">www.jacquelinenoparstak.com<\/span><\/a><\/strong><\/span><\/p>\n<address style=\"text-align: center;\">\u00a0<\/address>\n<address style=\"text-align: center;\"><span style=\"color: #000080;\"><strong>Sunday, May 11, 2008<\/strong><\/span><\/address>\n<address style=\"text-align: center;\">\u00a0<\/address>\n<p style=\"text-align: center;\"><iframe loading=\"lazy\" src=\"http:\/\/www.youtube.com\/embed\/AKDWd2hbqK0\" frameborder=\"0\" width=\"360\" height=\"240\"><\/iframe><\/p>\n<address style=\"text-align: center;\"><span style=\"color: #000080;\"><strong>Depuis le jour<\/strong><\/span><\/address>\n<address style=\"text-align: center;\"><span style=\"color: #000080;\">from LOUISE by Charpentier<\/span><\/address>\n<address style=\"text-align: center;\"><span style=\"color: #000000;\">and<\/span><\/address>\n<address style=\"text-align: center;\"><span style=\"color: #000080;\"><strong> Ebben? Ne andro lontana <\/strong><\/span><\/address>\n<address style=\"text-align: center;\"><span style=\"color: #000080;\">from La WALLY by Catalani<\/span><\/address>\n<address style=\"text-align: center;\"><span style=\"color: #000080;\">\u00a0<\/span><\/address>\n<address style=\"text-align: center;\"><span style=\"color: #000000;\">Jacqueline is being accompanied by Scott Holshouser<\/span><\/address>\n<address style=\"text-align: center;\"><span style=\"color: #000000;\">Video by Raul Orlando Edwards<\/span><\/address>\n<address style=\"text-align: center;\">\u00a0<\/address>\n<div style=\"text-align: center;\"><span style=\"color: #000080;\">\u00a0<\/span><\/div>\n<address style=\"text-align: center;\">\n<p style=\"text-align: center;\" align=\"center\"><a href=\"https:\/\/soma-info.org\/wp-content\/uploads\/2012\/09\/2008-JacquelineRose.jpg\"><img loading=\"lazy\" decoding=\"async\" class=\"aligncenter  wp-image-969\" src=\"https:\/\/soma-info.org\/wp-content\/uploads\/2012\/09\/2008-JacquelineRose.jpg\" alt=\"\" width=\"118\" height=\"168\" srcset=\"https:\/\/soma-info.org\/wp-content\/uploads\/2012\/09\/2008-JacquelineRose.jpg 280w, https:\/\/soma-info.org\/wp-content\/uploads\/2012\/09\/2008-JacquelineRose-210x300.jpg 210w\" sizes=\"auto, (max-width: 118px) 100vw, 118px\" \/><\/a><\/p>\n<p>&nbsp;<\/p>\n<\/address>\n<h5 style=\"text-align: center;\"><span style=\"color: #000080;\"><a title=\"Second Place : Nathaniel Peake\" href=\"https:\/\/soma-info.org\/?page_id=489\"><span style=\"color: #000080;\"><strong>Nathaniel Peake<\/strong><\/span><\/a><\/span><\/h5>\n<h5 style=\"text-align: center;\"><span style=\"color: #000080;\"><strong><a title=\"Third Place : Brian B. Carter\" href=\"https:\/\/soma-info.org\/?page_id=491\"><span style=\"color: #000080;\">Brian B. Carter<\/span><\/a><\/strong><a title=\"Third Place : Brian B. Carter\" href=\"https:\/\/soma-info.org\/?page_id=491\"><span style=\"color: #000080;\">\u00a0<\/span><\/a><\/span><\/h5>\n<div style=\"text-align: center;\"><span style=\"color: #000080;\">\u00a0<\/span><\/div>\n","protected":false},"excerpt":{"rendered":"<p>Soprano Recipient of the 2008 First Place Award &nbsp; Jacqueline Noparstak, soprano, has received international acclaim for her warm, flexible voice, floating high notes and superb phrasing. \u00a0She most recently sang the role of Contessa Almaviva in LE NOZZE DI FIGARO with Opera in the Heights, in Houston. Other roles include, Pamina and First Lady, [&hellip;]<\/p>\n","protected":false},"author":1,"featured_media":0,"parent":45,"menu_order":0,"comment_status":"closed","ping_status":"closed","template":"","meta":{"footnotes":""},"class_list":["post-487","page","type-page","status-publish","hentry"],"_links":{"self":[{"href":"https:\/\/soma-info.org\/index.php?rest_route=\/wp\/v2\/pages\/487","targetHints":{"allow":["GET"]}}],"collection":[{"href":"https:\/\/soma-info.org\/index.php?rest_route=\/wp\/v2\/pages"}],"about":[{"href":"https:\/\/soma-info.org\/index.php?rest_route=\/wp\/v2\/types\/page"}],"author":[{"embeddable":true,"href":"https:\/\/soma-info.org\/index.php?rest_route=\/wp\/v2\/users\/1"}],"replies":[{"embeddable":true,"href":"https:\/\/soma-info.org\/index.php?rest_route=%2Fwp%2Fv2%2Fcomments&post=487"}],"version-history":[{"count":40,"href":"https:\/\/soma-info.org\/index.php?rest_route=\/wp\/v2\/pages\/487\/revisions"}],"predecessor-version":[{"id":5414,"href":"https:\/\/soma-info.org\/index.php?rest_route=\/wp\/v2\/pages\/487\/revisions\/5414"}],"up":[{"embeddable":true,"href":"https:\/\/soma-info.org\/index.php?rest_route=\/wp\/v2\/pages\/45"}],"wp:attachment":[{"href":"https:\/\/soma-info.org\/index.php?rest_route=%2Fwp%2Fv2%2Fmedia&parent=487"}],"curies":[{"name":"wp","href":"https:\/\/api.w.org\/{rel}","templated":true}]}}