{"id":4271,"date":"2015-06-17T21:59:32","date_gmt":"2015-06-17T21:59:32","guid":{"rendered":"http:\/\/somainfo.org\/?page_id=4271"},"modified":"2015-07-20T20:35:26","modified_gmt":"2015-07-20T20:35:26","slug":"2015-first-place-audience-choice-colleen-daly","status":"publish","type":"page","link":"https:\/\/soma-info.org\/?page_id=4271","title":{"rendered":"2015 First Place &#038; Audience Choice : Colleen Daly"},"content":{"rendered":"<h3 style=\"text-align: center;\"><span style=\"color: #4190a9;\">Soprano<\/span><\/h3>\n<h4 style=\"text-align: center;\">Recipient of our First Place Marie Milner Award<\/h4>\n<h4 style=\"text-align: center;\">&amp; The Gerald R. Bischof Audience Choice Award<\/h4>\n<p style=\"text-align: justify;\"><a href=\"https:\/\/soma-info.org\/wp-content\/uploads\/2015\/06\/Colleen-Daly.jpg\"><img loading=\"lazy\" decoding=\"async\" class=\"alignleft  wp-image-4272\" title=\"Colleen Daly\" src=\"https:\/\/soma-info.org\/wp-content\/uploads\/2015\/06\/Colleen-Daly.jpg\" alt=\"\" width=\"221\" height=\"283\" \/><\/a><span style=\"color: #37b3c7;\">Colleen Daly is rapidly emerging as a \u201cdramatically powerful\u201d (The Washington Post) singer in today\u2019s operatic arena, and is a proud recipient of the 2015 First Prize and Audience Choice Awards in the Soma International Foundation&#8217;s Tenth Annual Lois Alba Aria Competition.\u00a0 Miss Daly\u2019s most recent performances include Musetta in La Boh\u00e8me with Annapolis Opera, Lyric Opera of Baltimore and Des Moines Metro Opera; Violetta in Opera Delaware\u2019s production of La traviata, which she also covered at New York City Opera; Fiordiligi in Cos\u00ec fan tutte with Intermountain Opera; Mica\u00ebla in both La Trag\u00e9die de Carmen with Syracuse Opera and in Carmen with Baltimore Concert Opera; the Countess in Annapolis Opera\u2019s production of Le nozze di Figaro; and the title role of Tha\u00efs at Opera Company of Middlebury.\u00a0 This spring, Miss Daly will turn her attention and talents to the art song repertoire, making her professional recital debut under the patronage of the Vocal Arts Society of Washington at the Phillips Collection and the Kennedy Center in Washington, D.C.<\/span><br \/>\n<span style=\"color: #37b3c7;\"> Ms. Daly\u2019s work as a concert and recital soloist has been widely recognized in performing such works as the Mozart, Brahms, Faur\u00e9, and Rutter Requiem Masses, Mendelssohn\u2019s Elijah,\u00a0 Beethoven\u2019s Ninth Symphony, H\u00e4ndel\u2019s Messiah, Haydn\u2019s Creation and Missa Solemnis, Poulenc\u2019s Gloria, Mozart\u2019s Davide Penitente, and Stravinsky\u2019s Les Noces. Colleen has appeared with the Master Chorale of Washington in her Kennedy Center debut, Washington Concert Opera, the Washington Chorus, the Cathedral Choral Society in her National Cathedral debut, the Post-Classical Ensemble, the New Dominion Chorale, and the Maryland Philharmonic Orchestra, the H\u00e4ndel Society of Dartmouth, and the Columbus Symphony, among others.\u00a0 This fall, Ms. Daly will return to the Kennedy Center Concert Hall as a soloist in the Washington Chorus\u2019s presentation of Ralph Vaughan Williams\u2019 A Sea Symphony. <\/span><br \/>\n<span style=\"color: #37b3c7;\"> A native of the Washington, D.C. metropolitan area, Ms. Daly is frequently called upon to appear as a featured soloist at embassies and political events; to date, she has performed at the Italian, Austrian, Irish, and Columbian embassies, and has performed for Vice President Biden, Maryland Governors Martin O\u2019Malley and Larry Hogan, and Supreme Court Justices Scalia and Roberts.<\/span><br \/>\n<span style=\"color: #37b3c7;\"> Colleen Daly has been the recipient of awards from the Vocal Arts Society of Washington, D.C., the Gerda Lissner Foundation, the Liederkranz Foundation, The Washington International Competition, and Annapolis Opera. Ms. Daly holds a bachelor\u2019s degree from DePaul University, a Master\u2019s degree from the Opera Studio at the University of Maryland in College Park, and an Artist Diploma from the Academy of Vocal Arts.<\/span><\/p>\n<h4 style=\"text-align: center;\"><a href=\"http:\/\/colleendaly.com\"><span style=\"color: #000000;\">www.colleendaly.com<\/span><\/a><\/h4>\n<p style=\"text-align: center;\"><span style=\"color: #000080;\"><iframe loading=\"lazy\" src=\"https:\/\/www.youtube.com\/embed\/07aClf-zHmU\" frameborder=\"0\" width=\"560\" height=\"315\"><\/iframe><\/span><\/p>\n<p style=\"text-align: center;\"><span style=\"color: #808000;\"><em>E strano&#8230;Sempre libera<\/em><\/span><\/p>\n<p style=\"text-align: center;\"><span style=\"color: #808000;\">from LA TRAVIATA by Verdi<\/span><\/p>\n<p style=\"text-align: center;\"><span style=\"color: #808000;\">HD Video by Robert Land Productions<\/span><\/p>\n<div id=\"attachment_4350\" style=\"width: 630px\" class=\"wp-caption aligncenter\"><a href=\"https:\/\/soma-info.org\/wp-content\/uploads\/2015\/06\/Colleen2.jpg\"><img loading=\"lazy\" decoding=\"async\" aria-describedby=\"caption-attachment-4350\" class=\"size-large wp-image-4350\" title=\"Colleen Daly\" src=\"https:\/\/soma-info.org\/wp-content\/uploads\/2015\/06\/Colleen2-1024x682.jpg\" alt=\"\" width=\"620\" height=\"412\" srcset=\"https:\/\/soma-info.org\/wp-content\/uploads\/2015\/06\/Colleen2-1024x682.jpg 1024w, https:\/\/soma-info.org\/wp-content\/uploads\/2015\/06\/Colleen2-300x200.jpg 300w, https:\/\/soma-info.org\/wp-content\/uploads\/2015\/06\/Colleen2-120x80.jpg 120w\" sizes=\"auto, (max-width: 620px) 100vw, 620px\" \/><\/a><p id=\"caption-attachment-4350\" class=\"wp-caption-text\"><em>Photo by Gwen Juarez<\/em><\/p><\/div>\n<p style=\"text-align: center;\"><span style=\"color: #000080;\"><iframe loading=\"lazy\" src=\"https:\/\/www.youtube.com\/embed\/FN3T6KBDg8k\" frameborder=\"0\" width=\"560\" height=\"315\"><\/iframe><\/span><\/p>\n<p style=\"text-align: center;\"><span style=\"color: #808000;\"><em>Song to the Moon<\/em><\/span><\/p>\n<p style=\"text-align: center;\"><span style=\"color: #808000;\">from RUSALKA Dvorak<\/span><\/p>\n<p style=\"text-align: center;\"><span style=\"color: #808000;\">HD Video by Robert Land Productions<\/span><\/p>\n<div id=\"attachment_4592\" style=\"width: 310px\" class=\"wp-caption aligncenter\"><a href=\"https:\/\/soma-info.org\/wp-content\/uploads\/2015\/06\/zKimberlyLoisColleen1.jpg\"><img loading=\"lazy\" decoding=\"async\" aria-describedby=\"caption-attachment-4592\" class=\"size-medium wp-image-4592\" title=\"Kimberly, Lois &amp; Colleen\" src=\"https:\/\/soma-info.org\/wp-content\/uploads\/2015\/06\/zKimberlyLoisColleen1-300x235.jpg\" alt=\"\" width=\"300\" height=\"235\" srcset=\"https:\/\/soma-info.org\/wp-content\/uploads\/2015\/06\/zKimberlyLoisColleen1-300x235.jpg 300w, https:\/\/soma-info.org\/wp-content\/uploads\/2015\/06\/zKimberlyLoisColleen1-1024x804.jpg 1024w\" sizes=\"auto, (max-width: 300px) 100vw, 300px\" \/><\/a><p id=\"caption-attachment-4592\" class=\"wp-caption-text\">Kimberly Giordano, Lois Alba &amp; Colleen Daly<\/p><\/div>\n<p style=\"text-align: center;\"><a href=\"https:\/\/soma-info.org\/wp-content\/uploads\/2015\/06\/th6.jpg\"><img loading=\"lazy\" decoding=\"async\" class=\"aligncenter size-full wp-image-4509\" title=\"American Beauty Rose\" src=\"https:\/\/soma-info.org\/wp-content\/uploads\/2015\/06\/th6.jpg\" alt=\"\" width=\"145\" height=\"123\" \/><\/a><\/p>\n<h4 style=\"text-align: center;\"><a title=\"Our 2015 Finalists\" href=\"https:\/\/soma-info.org\/?page_id=4237\"><span style=\"color: #800000;\">The 2015 Finalists\u00a0<\/span><\/a><\/h4>\n<h4 style=\"text-align: center;\"><a title=\"Second Place : Courtney Miller\" href=\"https:\/\/soma-info.org\/?page_id=4279\"><span style=\"color: #800000;\">Second Place : Courtney Miller<\/span><\/a><\/h4>\n","protected":false},"excerpt":{"rendered":"<p>Soprano Recipient of our First Place Marie Milner Award &amp; The Gerald R. Bischof Audience Choice Award Colleen Daly is rapidly emerging as a \u201cdramatically powerful\u201d (The Washington Post) singer in today\u2019s operatic arena, and is a proud recipient of the 2015 First Prize and Audience Choice Awards in the Soma International Foundation&#8217;s Tenth Annual [&hellip;]<\/p>\n","protected":false},"author":1,"featured_media":0,"parent":4257,"menu_order":0,"comment_status":"closed","ping_status":"closed","template":"","meta":{"footnotes":""},"class_list":["post-4271","page","type-page","status-publish","hentry"],"_links":{"self":[{"href":"https:\/\/soma-info.org\/index.php?rest_route=\/wp\/v2\/pages\/4271","targetHints":{"allow":["GET"]}}],"collection":[{"href":"https:\/\/soma-info.org\/index.php?rest_route=\/wp\/v2\/pages"}],"about":[{"href":"https:\/\/soma-info.org\/index.php?rest_route=\/wp\/v2\/types\/page"}],"author":[{"embeddable":true,"href":"https:\/\/soma-info.org\/index.php?rest_route=\/wp\/v2\/users\/1"}],"replies":[{"embeddable":true,"href":"https:\/\/soma-info.org\/index.php?rest_route=%2Fwp%2Fv2%2Fcomments&post=4271"}],"version-history":[{"count":23,"href":"https:\/\/soma-info.org\/index.php?rest_route=\/wp\/v2\/pages\/4271\/revisions"}],"predecessor-version":[{"id":4275,"href":"https:\/\/soma-info.org\/index.php?rest_route=\/wp\/v2\/pages\/4271\/revisions\/4275"}],"up":[{"embeddable":true,"href":"https:\/\/soma-info.org\/index.php?rest_route=\/wp\/v2\/pages\/4257"}],"wp:attachment":[{"href":"https:\/\/soma-info.org\/index.php?rest_route=%2Fwp%2Fv2%2Fmedia&parent=4271"}],"curies":[{"name":"wp","href":"https:\/\/api.w.org\/{rel}","templated":true}]}}

<h3 style="text-align: center;"><span style="color: #4190a9;">Soprano</span></h3>
<h4 style="text-align: center;">Recipient of our First Place Marie Milner Award</h4>
<h4 style="text-align: center;">&amp; The Gerald R. Bischof Audience Choice Award</h4>
<p style="text-align: justify;"><a href="https://soma-info.org/wp-content/uploads/2015/06/Colleen-Daly.jpg"><img loading="lazy" decoding="async" class="alignleft  wp-image-4272" title="Colleen Daly" src="https://soma-info.org/wp-content/uploads/2015/06/Colleen-Daly.jpg" alt="" width="221" height="283" /></a><span style="color: #37b3c7;">Colleen Daly is rapidly emerging as a “dramatically powerful” (The Washington Post) singer in today’s operatic arena, and is a proud recipient of the 2015 First Prize and Audience Choice Awards in the Soma International Foundation&#8217;s Tenth Annual Lois Alba Aria Competition.  Miss Daly’s most recent performances include Musetta in La Bohème with Annapolis Opera, Lyric Opera of Baltimore and Des Moines Metro Opera; Violetta in Opera Delaware’s production of La traviata, which she also covered at New York City Opera; Fiordiligi in Così fan tutte with Intermountain Opera; Micaëla in both La Tragédie de Carmen with Syracuse Opera and in Carmen with Baltimore Concert Opera; the Countess in Annapolis Opera’s production of Le nozze di Figaro; and the title role of Thaïs at Opera Company of Middlebury.  This spring, Miss Daly will turn her attention and talents to the art song repertoire, making her professional recital debut under the patronage of the Vocal Arts Society of Washington at the Phillips Collection and the Kennedy Center in Washington, D.C.</span><br />
<span style="color: #37b3c7;"> Ms. Daly’s work as a concert and recital soloist has been widely recognized in performing such works as the Mozart, Brahms, Fauré, and Rutter Requiem Masses, Mendelssohn’s Elijah,  Beethoven’s Ninth Symphony, Händel’s Messiah, Haydn’s Creation and Missa Solemnis, Poulenc’s Gloria, Mozart’s Davide Penitente, and Stravinsky’s Les Noces. Colleen has appeared with the Master Chorale of Washington in her Kennedy Center debut, Washington Concert Opera, the Washington Chorus, the Cathedral Choral Society in her National Cathedral debut, the Post-Classical Ensemble, the New Dominion Chorale, and the Maryland Philharmonic Orchestra, the Händel Society of Dartmouth, and the Columbus Symphony, among others.  This fall, Ms. Daly will return to the Kennedy Center Concert Hall as a soloist in the Washington Chorus’s presentation of Ralph Vaughan Williams’ A Sea Symphony. </span><br />
<span style="color: #37b3c7;"> A native of the Washington, D.C. metropolitan area, Ms. Daly is frequently called upon to appear as a featured soloist at embassies and political events; to date, she has performed at the Italian, Austrian, Irish, and Columbian embassies, and has performed for Vice President Biden, Maryland Governors Martin O’Malley and Larry Hogan, and Supreme Court Justices Scalia and Roberts.</span><br />
<span style="color: #37b3c7;"> Colleen Daly has been the recipient of awards from the Vocal Arts Society of Washington, D.C., the Gerda Lissner Foundation, the Liederkranz Foundation, The Washington International Competition, and Annapolis Opera. Ms. Daly holds a bachelor’s degree from DePaul University, a Master’s degree from the Opera Studio at the University of Maryland in College Park, and an Artist Diploma from the Academy of Vocal Arts.</span></p>
<h4 style="text-align: center;"><a href="http://colleendaly.com"><span style="color: #000000;">www.colleendaly.com</span></a></h4>
<p style="text-align: center;"><span style="color: #000080;"><iframe loading="lazy" src="https://www.youtube.com/embed/07aClf-zHmU" frameborder="0" width="560" height="315"></iframe></span></p>
<p style="text-align: center;"><span style="color: #808000;"><em>E strano&#8230;Sempre libera</em></span></p>
<p style="text-align: center;"><span style="color: #808000;">from LA TRAVIATA by Verdi</span></p>
<p style="text-align: center;"><span style="color: #808000;">HD Video by Robert Land Productions</span></p>
<div id="attachment_4350" style="width: 630px" class="wp-caption aligncenter"><a href="https://soma-info.org/wp-content/uploads/2015/06/Colleen2.jpg"><img loading="lazy" decoding="async" aria-describedby="caption-attachment-4350" class="size-large wp-image-4350" title="Colleen Daly" src="https://soma-info.org/wp-content/uploads/2015/06/Colleen2-1024x682.jpg" alt="" width="620" height="412" srcset="https://soma-info.org/wp-content/uploads/2015/06/Colleen2-1024x682.jpg 1024w, https://soma-info.org/wp-content/uploads/2015/06/Colleen2-300x200.jpg 300w, https://soma-info.org/wp-content/uploads/2015/06/Colleen2-120x80.jpg 120w" sizes="auto, (max-width: 620px) 100vw, 620px" /></a><p id="caption-attachment-4350" class="wp-caption-text"><em>Photo by Gwen Juarez</em></p></div>
<p style="text-align: center;"><span style="color: #000080;"><iframe loading="lazy" src="https://www.youtube.com/embed/FN3T6KBDg8k" frameborder="0" width="560" height="315"></iframe></span></p>
<p style="text-align: center;"><span style="color: #808000;"><em>Song to the Moon</em></span></p>
<p style="text-align: center;"><span style="color: #808000;">from RUSALKA Dvorak</span></p>
<p style="text-align: center;"><span style="color: #808000;">HD Video by Robert Land Productions</span></p>
<div id="attachment_4592" style="width: 310px" class="wp-caption aligncenter"><a href="https://soma-info.org/wp-content/uploads/2015/06/zKimberlyLoisColleen1.jpg"><img loading="lazy" decoding="async" aria-describedby="caption-attachment-4592" class="size-medium wp-image-4592" title="Kimberly, Lois &amp; Colleen" src="https://soma-info.org/wp-content/uploads/2015/06/zKimberlyLoisColleen1-300x235.jpg" alt="" width="300" height="235" srcset="https://soma-info.org/wp-content/uploads/2015/06/zKimberlyLoisColleen1-300x235.jpg 300w, https://soma-info.org/wp-content/uploads/2015/06/zKimberlyLoisColleen1-1024x804.jpg 1024w" sizes="auto, (max-width: 300px) 100vw, 300px" /></a><p id="caption-attachment-4592" class="wp-caption-text">Kimberly Giordano, Lois Alba &amp; Colleen Daly</p></div>
<p style="text-align: center;"><a href="https://soma-info.org/wp-content/uploads/2015/06/th6.jpg"><img loading="lazy" decoding="async" class="aligncenter size-full wp-image-4509" title="American Beauty Rose" src="https://soma-info.org/wp-content/uploads/2015/06/th6.jpg" alt="" width="145" height="123" /></a></p>
<h4 style="text-align: center;"><a title="Our 2015 Finalists" href="https://soma-info.org/?page_id=4237"><span style="color: #800000;">The 2015 Finalists </span></a></h4>
<h4 style="text-align: center;"><a title="Second Place : Courtney Miller" href="https://soma-info.org/?page_id=4279"><span style="color: #800000;">Second Place : Courtney Miller</span></a></h4>
