{"id":3147,"date":"2013-05-22T22:07:28","date_gmt":"2013-05-22T22:07:28","guid":{"rendered":"http:\/\/somainfo.org\/?page_id=3147"},"modified":"2013-12-05T23:35:15","modified_gmt":"2013-12-05T23:35:15","slug":"third-place-alejandro-magallon","status":"publish","type":"page","link":"https:\/\/soma-info.org\/?page_id=3147","title":{"rendered":"Third Place : Alejandro Magall\u00f3n"},"content":{"rendered":"<h3 style=\"text-align: center;\"><span style=\"color: #000080;\">Tenor<\/span><\/h3>\n<h4 style=\"text-align: center;\">Recipient of the 2013 Third Place<\/h4>\n<h4 style=\"text-align: center;\">The Mary Barker Evans Award<\/h4>\n<p style=\"text-align: justify;\"><a href=\"https:\/\/soma-info.org\/wp-content\/uploads\/2013\/05\/Headshot.jpg\"><img loading=\"lazy\" decoding=\"async\" class=\"alignleft  wp-image-3224\" title=\"Alejandro Magallon\" src=\"https:\/\/soma-info.org\/wp-content\/uploads\/2013\/05\/Headshot.jpg\" alt=\"\" width=\"217\" height=\"326\" srcset=\"https:\/\/soma-info.org\/wp-content\/uploads\/2013\/05\/Headshot.jpg 402w, https:\/\/soma-info.org\/wp-content\/uploads\/2013\/05\/Headshot-199x300.jpg 199w\" sizes=\"auto, (max-width: 217px) 100vw, 217px\" \/><\/a>Mexican tenor,\u00a0Alejandro Magall\u00f3n studied at the School of Sacred Music in Guadalajara where he joined the city&#8217;s opera company and toured around the country. He moved to Houston 9 years ago joining the prestigious HGO chorus on it&#8217;s 2004 season being an active member since appearing in more than 30 different productions. \u00a0He has worked one on one with Ram\u00f3n Vargas, Simon O&#8217;Neill, Donald George, Rolando Villaz\u00f3n, Julia Faulkner, Carol Kirkpatrick and Kathryn Wright. \u00a0On 2007 he traveled to Austria to be part of Elizabeth Bachman&#8217;s &#8220;TOP Opera&#8221; program where he performed scenes from several operas and operettas such as Carmen, La Boheme, Don Giovanni, Die Fledermaus, Das Land des L\u00e4chelns.\u00a0During the Winter of that same year he joined the Houston Grand Opera&#8217;s outreach program company, &#8220;Opera to Go!&#8221; where he performed the roles of\u00a0Tamino, from The Magic Flute, by W. A. Mozart; Romeo, from Romeo &amp; Juliet, by Charles Gounod; Big Anthony, from Strega Nona, by Mary Carol Warwick; the Prince, from Rusalka, by Anton\u00edn Dvo\u0159\u00e1k; the stepsister Margarita, from Cinderella in Spain, by Mary Carol Warwick; Buffo, from The Princess and the pea by the same author; Don Jos\u00e9, from Carmen, by Georges Bizet and the role of Ricardo in the world premiere of A Way Home, by Ethan Greene; completing more than 800 performances by the Spring of 2012.<\/p>\n<p style=\"text-align: justify;\">Master Classes: \u00a0Louis Salemno,\u00a0Elizabeth Bachman,\u00a0Robert de Simone, \u00a0Steven White, Marita Knobel and Brigitte Steinert.<\/p>\n<p style=\"text-align: center;\"><em><strong>Sunday, May 19, 2013<\/strong><\/em><\/p>\n<p style=\"text-align: center;\"><span style=\"color: #000080;\"><iframe loading=\"lazy\" src=\"\/\/www.youtube.com\/embed\/PozNuJOMT_c\" frameborder=\"0\" width=\"420\" height=\"315\"><\/iframe><\/span><\/p>\n<p style=\"text-align: center;\"><strong><span style=\"color: #000080;\">Amore ti vieta<\/span><\/strong><\/p>\n<p style=\"text-align: center;\"><span style=\"color: #000080;\">from FEDORA by Giordano\u00a0<\/span><\/p>\n<p style=\"text-align: center;\"><span style=\"color: #000080;\"><iframe loading=\"lazy\" src=\"\/\/www.youtube.com\/embed\/0qJi4J-4f2I\" frameborder=\"0\" width=\"420\" height=\"315\"><\/iframe><\/span><\/p>\n<p style=\"text-align: center;\"><strong><span style=\"color: #000080;\">E lucevan le stelle<\/span><\/strong><\/p>\n<p style=\"text-align: center;\"><span style=\"color: #000080;\">from TOSCA by Puccini<\/span><\/p>\n<p style=\"text-align: center;\">Alejandro was accompanied by Maestra Janice Fehlauer and<\/p>\n<p style=\"text-align: center;\">HD Video was produced by Robert Land Productions.<\/p>\n<div id=\"attachment_3616\" style=\"width: 630px\" class=\"wp-caption aligncenter\"><a href=\"https:\/\/soma-info.org\/wp-content\/uploads\/2013\/05\/LAA_6469-copy.jpg\"><img loading=\"lazy\" decoding=\"async\" aria-describedby=\"caption-attachment-3616\" class=\"size-large wp-image-3616\" title=\"Alejandro Magallon, Mary Barker Evans with daughter, Caroline Johnson\" src=\"https:\/\/soma-info.org\/wp-content\/uploads\/2013\/05\/LAA_6469-copy-1024x682.jpg\" alt=\"\" width=\"620\" height=\"412\" srcset=\"https:\/\/soma-info.org\/wp-content\/uploads\/2013\/05\/LAA_6469-copy-1024x682.jpg 1024w, https:\/\/soma-info.org\/wp-content\/uploads\/2013\/05\/LAA_6469-copy-300x199.jpg 300w, https:\/\/soma-info.org\/wp-content\/uploads\/2013\/05\/LAA_6469-copy-120x80.jpg 120w\" sizes=\"auto, (max-width: 620px) 100vw, 620px\" \/><\/a><p id=\"caption-attachment-3616\" class=\"wp-caption-text\"><em>Alejandro Magall\u00f3n, Mary Barker Evans with daughter, Caroline Johnson<\/em><\/p><\/div>\n<h6 style=\"text-align: right;\">\u00a0(Photo by Gwen Juarez)<\/h6>\n<p style=\"text-align: center;\"><a href=\"https:\/\/soma-info.org\/wp-content\/uploads\/2013\/05\/300px-Dahlia-1.jpg\"><img loading=\"lazy\" decoding=\"async\" class=\" wp-image-3225 aligncenter\" title=\"300px-Dahlia-1\" src=\"https:\/\/soma-info.org\/wp-content\/uploads\/2013\/05\/300px-Dahlia-1.jpg\" alt=\"\" width=\"115\" height=\"102\" \/><\/a><\/p>\n<h4 style=\"text-align: center;\"><span style=\"color: #000080;\"><a title=\"2013 First Place : Alisa White\" href=\"https:\/\/soma-info.org\/?page_id=3141\"><span style=\"color: #000080;\">First Place : \u00a0 \u00a0\u00a0Alisa White,\u00a0<em>Soprano<\/em><\/span><\/a><\/span><\/h4>\n<h4 style=\"text-align: center;\"><span style=\"color: #000080;\"><a title=\"Second Place : Robert E. Cardwell\" href=\"https:\/\/soma-info.org\/?page_id=3145\"><span style=\"color: #000080;\">Second Place : \u00a0 \u00a0\u00a0Robert E. Cardwell,\u00a0<em>Baritone<\/em><\/span><\/a><\/span><\/h4>\n<p style=\"text-align: center;\"><span style=\"color: #800000;\">And&#8230;\u00a0<\/span><\/p>\n<h4 style=\"text-align: center;\"><span style=\"color: #800000;\">Our Three Audience Choice Award Winners\u00a0<\/span><\/h4>\n<h4 style=\"text-align: center;\"><span style=\"color: #800000;\"><a title=\"Audience Choice : Jennifer Juilfs\" href=\"https:\/\/soma-info.org\/?page_id=3151\"><span style=\"color: #800000;\">1st : \u00a0 \u00a0 Jennifer Juilfs, \u00a0 Soprano<\/span><\/a><\/span><\/h4>\n<h4 style=\"text-align: center;\"><span style=\"color: #800000;\"><a title=\"Audience Choice : Agostina Migoni\" href=\"https:\/\/soma-info.org\/?page_id=3153\"><span style=\"color: #800000;\">2nd : \u00a0 \u00a0 Agostina Migoni, \u00a0 Soprano<\/span><\/a><\/span><\/h4>\n<h4 style=\"text-align: center;\"><span style=\"color: #800000;\"><a title=\"Audience Choice : Kaitlyn Stobbe\" href=\"https:\/\/soma-info.org\/?page_id=3155\"><span style=\"color: #800000;\">3rd : \u00a0 \u00a0 Kaitlyn Stobbe, \u00a0 Soprano<\/span><\/a><\/span><\/h4>\n","protected":false},"excerpt":{"rendered":"<p>Tenor Recipient of the 2013 Third Place The Mary Barker Evans Award Mexican tenor,\u00a0Alejandro Magall\u00f3n studied at the School of Sacred Music in Guadalajara where he joined the city&#8217;s opera company and toured around the country. He moved to Houston 9 years ago joining the prestigious HGO chorus on it&#8217;s 2004 season being an active [&hellip;]<\/p>\n","protected":false},"author":1,"featured_media":0,"parent":3119,"menu_order":2,"comment_status":"closed","ping_status":"closed","template":"","meta":{"footnotes":""},"class_list":["post-3147","page","type-page","status-publish","hentry"],"_links":{"self":[{"href":"https:\/\/soma-info.org\/index.php?rest_route=\/wp\/v2\/pages\/3147","targetHints":{"allow":["GET"]}}],"collection":[{"href":"https:\/\/soma-info.org\/index.php?rest_route=\/wp\/v2\/pages"}],"about":[{"href":"https:\/\/soma-info.org\/index.php?rest_route=\/wp\/v2\/types\/page"}],"author":[{"embeddable":true,"href":"https:\/\/soma-info.org\/index.php?rest_route=\/wp\/v2\/users\/1"}],"replies":[{"embeddable":true,"href":"https:\/\/soma-info.org\/index.php?rest_route=%2Fwp%2Fv2%2Fcomments&post=3147"}],"version-history":[{"count":28,"href":"https:\/\/soma-info.org\/index.php?rest_route=\/wp\/v2\/pages\/3147\/revisions"}],"predecessor-version":[{"id":3633,"href":"https:\/\/soma-info.org\/index.php?rest_route=\/wp\/v2\/pages\/3147\/revisions\/3633"}],"up":[{"embeddable":true,"href":"https:\/\/soma-info.org\/index.php?rest_route=\/wp\/v2\/pages\/3119"}],"wp:attachment":[{"href":"https:\/\/soma-info.org\/index.php?rest_route=%2Fwp%2Fv2%2Fmedia&parent=3147"}],"curies":[{"name":"wp","href":"https:\/\/api.w.org\/{rel}","templated":true}]}}